ctors of a.
2473
Let p(o) = -o**2 - 25*o + 2391. What are the prime factors of p(0)?
3, 797
Suppose 0 = -6*d + 3*d + 12. Suppose 0 = -4*r + 2*g + 314, 0 = d*r - 0*g + 2*g - 326. What are the prime factors of r?
2, 5
Suppose 0 = -2*i + w + 253, -2*w + 6*w - 20 = 0. What are the prime factors of i?
3, 43
What are the prime factors of (1192/20)/((-2)/(-15))?
3, 149
Let d = -75 - -84. Suppose 37 = -d*o + 253. List the prime factors of o.
2, 3
Suppose -5*r + 8 = -2. Let f(l) = 0*l + 5*l - 5*l + 3 + r*l. What are the prime factors of f(2)?
7
Let q(g) = 2*g**2 - 9*g - 10. Let f(y) = -7*y**3 - 3*y - 2. Let m be f(-1). List the prime factors of q(m).
2, 23
Let j = 53 - 47. List the prime factors of (-27672)/(-144) + (-13)/j + 2.
2, 3
Suppose -2*z - 5*v - 40 = 0, 0*z + 2*z = 5*v. Let r be ((-3)/6)/1*z. Suppose 3*a + r = -i, 0*a = -3*i - 5*a + 5. What are the prime factors of i?
2, 5
Let w(h) = 4*h**3 - h**2 - 7*h - 7. Let q(t) = -t**3 - t**2 + t + 1. Let n(g) = -2*q(g) - w(g). What are the prime factors of n(-2)?
23
Let u be 2/17 - 19740/(-119). Suppose 7*v - 4*v = -5*i + u, -3*i + 5*v + 120 = 0. List the prime factors of i.
5, 7
Suppose 38*k - 39331 = 171303. List the prime factors of k.
23, 241
Let r(q) = q**2 - 10*q + 6. Suppose -2*b + 4*y = -8, -2*b - 4 = -3*b + 5*y. Let m be r(b). Let j = m + 26. List the prime factors of j.
2
Let i(g) = g**3 - 9*g**2 + 6*g + 21. Let s be i(8). Suppose -6*n = -4*n - p - 193, -5*n + 520 = s*p. List the prime factors of n.
3, 11
Let t(q) = -q**2 + 9*q - 9. Let r be ((-7)/(-3))/(5/15). Let p be t(r). List the prime factors of 19/p - 10/(-50).
2
Suppose 0 = 5*t + 5, t - 3*t + 8283 = 5*f. What are the prime factors of f?
1657
Let w(a) = a**3 + a + 1. Let k(o) = 3*o**3 + 4*o**2 + 3*o - 1. Let q(z) = k(z) - 2*w(z). List the prime factors of q(-3).
3
Let x = -14 + 16. Suppose -8 = s + 3*s. List the prime factors of s/4 - (-21)/x.
2, 5
Let i be 27/36*(-32)/(-6). Suppose -2*b - 356 = -i*t - 0*b, 0 = 5*t - 2*b - 444. List the prime factors of t.
2, 11
What are the prime factors of (-78)/(-4)*18 + 7?
2, 179
Let l(d) = 19*d**3 + 2*d**2 - 11*d + 30. List the prime factors of l(5).
2, 3, 5
Let h = -9 + 11. Suppose z - t + 13 - 52 = 0, h*t = 3*z - 114. List the prime factors of 5/(15/z) - 2.
2, 5
Let s(u) = -2*u + 2. Let j be s(0). Suppose j*k + 2*r - 188 = 46, 113 = k + 3*r. What are the prime factors of k?
7, 17
Let q(f) = f + 20. Let b be q(18). Suppose 15 = 35*s - b*s. Let a(l) = -5*l - 3. List the prime factors of a(s).
2, 11
Let p(z) = z**3 - 3*z**2 - 3*z + 6. Let l = -30 + 34. What are the prime factors of p(l)?
2, 5
Let x(u) = -8*u + 9. Let l be x(-6). Suppose -o + l = 5*i - 59, 5*o + 3*i = 558. What are the prime factors of o?
3, 37
Let b = -227 - -160. Let j = 125 + b. What are the prime factors of j?
2, 29
Let i(r) = 21*r**2 + 3*r - 15. What are the prime factors of i(-4)?
3, 103
List the prime factors of (10/(-40))/(7/(-4620)).
3, 5, 11
Let a be (-2 + 3 + 0)*-4. Let b(i) = -9*i - 9. Let u be b(-3). Let m = u + a. What are the prime factors of m?
2, 7
Let f(j) = 20*j + 26. Let t be (-1 + 4)/(1 - (-2)/(-5)). What are the prime factors of f(t)?
2, 3, 7
Suppose 0 = 4*z - 8*z + 8. Suppose -2*u = -z*v + 136, 0 = -3*v - 0*v - 4*u + 176. What are the prime factors of v?
2
Suppose 4*d - 5*q = 1717, d - 5*q = -2*q + 431. What are the prime factors of d?
2, 107
Suppose -3*x - 2*x + 1644 = -4*t, -2*x + 2*t = -658. What are the prime factors of x?
2, 41
Suppose 0 = -3*j + 100 + 89. Let a = j - 50. What are the prime factors of a?
13
What are the prime factors of (-3818)/(-4) + -6 - 6/4?
947
Let y(w) be the first derivative of 3/2*w**2 + 4/3*w**3 + 7 + 3*w. What are the prime factors of y(-3)?
2, 3, 5
Suppose 4 = -10*j + 8*j. What are the prime factors of (259/(-14))/(1/j)?
37
Suppose -4*g = -5*t - 3589, 0*g + 3*t + 3587 = 4*g. List the prime factors of g.
2, 7
Suppose 4*y - 3*n - 13 = 0, -2*y - 5*n + 21 = 2*y. Suppose -4*k = 2*u - 16, -y*k = -5*u - 0*u - 44. What are the prime factors of k?
2, 3
List the prime factors of 8706/10 - (4 + (-110)/25).
13, 67
Suppose -2*b - 5 - 3 = 0. Let a be 2/b + 85/2. Let c = a + -26. What are the prime factors of c?
2
Let d(h) = -334*h - 229. What are the prime factors of d(-14)?
4447
What are the prime factors of 30/(-5) + 10 - -326?
2, 3, 5, 11
Suppose 0 = 13*x + x - 238. What are the prime factors of x?
17
Let t = -247 + 431. List the prime factors of t.
2, 23
Suppose d - 6 = 6. Let p = d - 13. What are the prime factors of (1 - p)*3/3?
2
Suppose 3*u - z - 940 = 0, -3*z = -4*u - 7*z + 1248. What are the prime factors of u?
313
Suppose 0 = 5*d - 5*j - 340, -2*d - 11 = -4*j - 157. Let u = d - 33. Suppose 132 - u = 3*l. List the prime factors of l.
2, 17
List the prime factors of 5562/(-3)*(15/6)/(-5).
3, 103
Let u = -734 + 1742. List the prime factors of u.
2, 3, 7
Suppose 0*j = j + 5. Let m be 5*(0 - 43/j). Let u = 67 - m. What are the prime factors of u?
2, 3
Let i(o) be the second derivative of -o**5/20 - o**4 - 5*o**3/3 + 12*o**2 - 14*o. List the prime factors of i(-11).
13
What are the prime factors of -5 + 4 + 1368 + 4 + -4?
1367
Suppose 2*p + 1 = -3*a + 2, -4*p + 5*a = -13. Suppose -3 = 3*i - p*s - 291, -4*i + 2*s + 386 = 0. List the prime factors of i.
2, 7
Let o(b) = -b**2 - 11*b - 20. Let t be o(-7). Suppose -t = -3*y + y. Suppose -y*l + 55 = -13. List the prime factors of l.
17
Suppose 4*g - 2*p - 1 = 3*p, g = 5*p - 11. Suppose -848 + 324 = -g*x. What are the prime factors of x?
131
Suppose 10*v - 7*v + 183 = 0. Let j = 73 - v. What are the prime factors of j?
2, 67
Suppose 0 = -3*l + 15 + 15. Suppose -262 - 205 = -3*t + 5*m, l = 2*m. What are the prime factors of t?
2, 41
Let m(z) = z**2 + 11*z - 10. Suppose 2*b = 4*k + 48, 14 = -k - 5*b - 20. Let a be m(k). Suppose -3*q + 70 = -a. List the prime factors of q.
2, 17
What are the prime factors of -2 + ((8 - 12) + 3643)/3?
7, 173
Let r(x) = x**3 - 26*x**2 + 29*x - 68. List the prime factors of r(26).
2, 7
Let y be 9*(12/(-9))/(-1). Suppose -2*k - k + y = 0. Suppose k*i - 200 = -i. What are the prime factors of i?
2, 5
Let a(w) = 676*w - 2. Let g be a(1). Suppose 0 = -4*p + f - 0*f + g, -5*p + 2*f + 844 = 0. Suppose 0 = 4*c - p + 48. What are the prime factors of c?
2, 3, 5
Suppose -t - 2*f + 1047 = 4*t, 5*f = 5. Suppose -t = -4*a - 7*a. What are the prime factors of a?
19
Let x(u) = -u - 11. Let s be x(-8). Let g = s - -3. Suppose -2*k + g*k = -28. What are the prime factors of k?
2, 7
Suppose 301 = 7*k - 175. List the prime factors of k.
2, 17
Suppose 4*z = -5*p + 1045, -z - 2*z - 209 = -p. List the prime factors of p.
11, 19
Suppose -5*c - 130 - 155 = 0. Let q = 33 + c. What are the prime factors of 0/2 - q - -2?
2, 13
Let j(q) = q**3 + q + 1. Let y(b) = 5*b**3 - 6*b**2 + 9*b + 5. Let l(m) = 6*j(m) - y(m). Suppose -2*r = -3*r - 3. What are the prime factors of l(r)?
37
Suppose 3*o + n = -54, -33 + 13 = o + n. Let q = 37 + o. List the prime factors of q.
2, 5
Let w = -193 - -359. Suppose 98 = h - 6*n + n, 2*h = -5*n + w. Let y = h - 59. What are the prime factors of y?
29
Let d be 22*(7/42)/((-1)/(-3)). Suppose t = -0*t + 3, -d = -2*a + t. List the prime factors of a.
7
Suppose 353 + 102 = 5*y + 5*g, 0 = 2*y - 3*g - 182. Suppose -2 = -3*x + 1, 0 = -5*c + 4*x + y. List the prime factors of c.
19
Let y be ((-3)/(-3) - 0) + 3. Suppose 2*j = -z + 488, 3*j + y*z - 90 - 632 = 0. List the prime factors of j.
2, 3, 41
Let u be -2 - (-4)/(-3)*-3. Suppose u*b = b + 26. Let k = b + -11. List the prime factors of k.
3, 5
Let f(d) = 60*d**2 - 2*d - 4. Let a be f(2). Let z = a + -160. Suppose 6*y - z = 4*y. List the prime factors of y.
2, 3
Suppose -12*g + 2310 = -618. List the prime factors of g.
2, 61
Let m be (-1302)/(-9) + (-2)/3. Let l = m - 85. List the prime factors of l.
59
Let l(t) = -111*t + 141. List the prime factors of l(-7).
2, 3, 17
Let c(f) = f**3 + 2*f + 63. Let o be c(0). Suppose -3*l + 4*s = 41, -4*l - 3*s - o = -0*s. Let q = 7 - l. What are the prime factors of q?
2, 11
Suppose -32*n + 35398 = -4186. What are the prime factors of n?
1237
Suppose 0 = 5*j - 3*h - 101, -2*j + 5*h - 12 = -41. Suppose 5*f + 5*z - 82 = -j, 3*f = -2*z + 32. Suppose -c + f = -18. List the prime factors of c.
2, 13
Suppose 0 = -10*x + 2260 + 4620. Lis